{"id":2,"date":"2016-05-10T03:48:21","date_gmt":"2016-05-10T03:48:21","guid":{"rendered":"http:\/\/www.sonnhaldefest.ch\/?page_id=2"},"modified":"2025-08-06T22:26:44","modified_gmt":"2025-08-06T22:26:44","slug":"sample-page","status":"publish","type":"page","link":"https:\/\/www.sonnhaldefest.ch\/","title":{"rendered":""},"content":{"rendered":"\n<h2 class=\"wp-block-heading\"><strong>Informationen<\/strong><\/h2>\n\n\n\n<p class=\"has-medium-font-size\"><strong>Samstag, 16. August 2025<br>Ap\u00e9ro ab 17:00 Uhr<br>Grillieren 18:00 Uhr<\/strong><\/p>\n\n\n\n<figure class=\"wp-block-image size-large\"><img fetchpriority=\"high\" decoding=\"async\" width=\"683\" height=\"1024\" src=\"https:\/\/www.sonnhaldefest.ch\/wp-content\/uploads\/2025\/08\/Sonnhaldefest2025-683x1024.png\" alt=\"\" class=\"wp-image-63\" srcset=\"https:\/\/www.sonnhaldefest.ch\/wp-content\/uploads\/2025\/08\/Sonnhaldefest2025-683x1024.png 683w, https:\/\/www.sonnhaldefest.ch\/wp-content\/uploads\/2025\/08\/Sonnhaldefest2025-200x300.png 200w, https:\/\/www.sonnhaldefest.ch\/wp-content\/uploads\/2025\/08\/Sonnhaldefest2025.png 1024w\" sizes=\"(max-width: 683px) 100vw, 683px\" \/><\/figure>\n\n\n\n<p><\/p>\n\n\n<p>Liebe Sonnhalde Anwohner:innen<\/p>\n<p>Auch dieses Jahr wollen wir wieder das traditionelle Sonnhaldefest durchf\u00fchren. <br \/>Wie immer stehen Sitzpl\u00e4tze und Festb\u00e4nke zur Verf\u00fcgung (danke Mike und Adrian).<\/p>\n<table width=\"699\">\n<tbody>\n<tr>\n<td width=\"123\">\n<p><strong>Wann:<\/strong><\/p>\n<\/td>\n<td width=\"576\">\n<p>Samstag, den 16. August 2025<\/p>\n<\/td>\n<\/tr>\n<tr>\n<td width=\"123\">\n<p><strong>Wo:<\/strong><\/p>\n<\/td>\n<td width=\"576\">\n<p>Unterstand Sonnhalde 14<\/p>\n<\/td>\n<\/tr>\n<tr>\n<td width=\"123\">\n<p><strong>Zeit:<\/strong><\/p>\n<\/td>\n<td width=\"576\">\n<p>ab 17 Uhr gem\u00fctliches Eintrudeln und Ap\u00e9ro (offeriert)<br \/>ab 18 Uhr grillieren und essen<\/p>\n<\/td>\n<\/tr>\n<tr>\n<td width=\"123\">\n<p><strong>Essen:<\/strong><\/p>\n<\/td>\n<td width=\"576\">\n<p>Jeder nimmt sein Grillgut selbst mit. <br \/>Kanadisches Salat- und Dessertbuffet (man kann bringen und nehmen).<\/p>\n<\/td>\n<\/tr>\n<tr>\n<td width=\"123\">\n<p><strong>Mitbringen:<\/strong><\/p>\n<\/td>\n<td width=\"576\">\n<p>Kreationen f\u00fcr\u2018s Salat- und Dessertbuffet nehmen wir sehr gerne entgegen <a href=\"https:\/\/bit.ly\/sonnhaldefest\">(siehe Anmeldung)<\/a>.<\/p>\n<\/td>\n<\/tr>\n<tr>\n<td width=\"123\">\n<p><strong>Getr\u00e4nke:<\/strong><strong>\u00a0<\/strong><\/p>\n<\/td>\n<td width=\"576\">\n<p>Der Ap\u00e9ro mit Bier, Weisswein, Sprudel und Softgetr\u00e4nken ist offeriert. <br \/>Wasser (mit und ohne Kohlens\u00e4ure) wird zur Verf\u00fcgung gestellt.<\/p>\n<p>Alles weitere nimmt jeder selbst mit.<\/p>\n<\/td>\n<\/tr>\n<tr>\n<td width=\"123\">\n<p><strong>Geschirr:<\/strong><strong>\u00a0<\/strong><\/p>\n<\/td>\n<td width=\"576\">\n<p>Bitte selber mitbringen (Teller, Besteck, Gl\u00e4ser)<\/p>\n<\/td>\n<\/tr>\n<tr>\n<td colspan=\"2\" width=\"699\">\n<p>Wir freuen uns auf einen gemeinsamen, sch\u00f6nen Abend (mit hoffentlich gutem Wetter).<\/p>\n<p>Familien Berger &amp; Corradi<\/p>\n<\/td>\n<\/tr>\n<\/tbody>\n<\/table>\n\n\n<h2 class=\"wp-block-heading\">Anmeldung<\/h2>\n\n\n\n<p>Hier anmelden: <a href=\"https:\/\/bit.ly\/sonnhaldefest\" target=\"_blank\" rel=\"noreferrer noopener\">Sonnhaldefest 2025<\/a><\/p>\n\n\n\n<p><\/p>\n\n\n\n<div class=\"wp-block-group is-nowrap is-layout-flex wp-container-core-group-layout-1 wp-block-group-is-layout-flex\"><\/div>\n","protected":false},"excerpt":{"rendered":"<p>Informationen Samstag, 16. August 2025Ap\u00e9ro ab 17:00 UhrGrillieren 18:00 Uhr Liebe Sonnhalde Anwohner:innen Auch dieses Jahr wollen wir wieder das traditionelle Sonnhaldefest durchf\u00fchren. Wie immer stehen Sitzpl\u00e4tze und Festb\u00e4nke zur Verf\u00fcgung (danke Mike und Adrian). Wann: Samstag, den 16. August 2025 Wo: Unterstand Sonnhalde 14 Zeit: ab 17 Uhr gem\u00fctliches Eintrudeln und Ap\u00e9ro (offeriert)ab 18 &hellip; <\/p>\n<p class=\"link-more\"><a href=\"https:\/\/www.sonnhaldefest.ch\/\" class=\"more-link\">Mehr <span class=\"screen-reader-text\">\u00fcber &#8222;&#8220; <\/span>Lesen<\/a><\/p>\n","protected":false},"author":1,"featured_media":0,"parent":0,"menu_order":0,"comment_status":"closed","ping_status":"closed","template":"","meta":{"footnotes":""},"featured_media_urls":[],"_links":{"self":[{"href":"https:\/\/www.sonnhaldefest.ch\/index.php?rest_route=\/wp\/v2\/pages\/2"}],"collection":[{"href":"https:\/\/www.sonnhaldefest.ch\/index.php?rest_route=\/wp\/v2\/pages"}],"about":[{"href":"https:\/\/www.sonnhaldefest.ch\/index.php?rest_route=\/wp\/v2\/types\/page"}],"author":[{"embeddable":true,"href":"https:\/\/www.sonnhaldefest.ch\/index.php?rest_route=\/wp\/v2\/users\/1"}],"replies":[{"embeddable":true,"href":"https:\/\/www.sonnhaldefest.ch\/index.php?rest_route=%2Fwp%2Fv2%2Fcomments&post=2"}],"version-history":[{"count":22,"href":"https:\/\/www.sonnhaldefest.ch\/index.php?rest_route=\/wp\/v2\/pages\/2\/revisions"}],"predecessor-version":[{"id":77,"href":"https:\/\/www.sonnhaldefest.ch\/index.php?rest_route=\/wp\/v2\/pages\/2\/revisions\/77"}],"wp:attachment":[{"href":"https:\/\/www.sonnhaldefest.ch\/index.php?rest_route=%2Fwp%2Fv2%2Fmedia&parent=2"}],"curies":[{"name":"wp","href":"https:\/\/api.w.org\/{rel}","templated":true}]}}